(m) be the second derivative of m**3/6 - m**2/2 - m. Let n be g(1). Let t = 2 - n. List the prime factors of t.
2
Let u = -26 + 15. Let g = 13 + u. What are the prime factors of g?
2
Suppose -6 = 3*u + c, -u + 4*c + 10 + 1 = 0. Let z be u + 0 + (-3)/3. What are the prime factors of (z + 0)*(-33)/6?
11
Suppose 2*k = 1 + 9. Suppose 0 = -k*i - 0*i + 60. List the prime factors of i.
2, 3
Suppose -28 = -3*f - 2*q, -14 = f - 5*f + 2*q. List the prime factors of (18/3)/(f/4).
2
What are the prime factors of 76/22*37 + 18/99?
2
Let s = -4 - -10. Let v be 34/(-3) - 4/s. What are the prime factors of v/66 + 378/22?
17
Suppose 0 = -j - 5*h + 86, 0*h = -j - 2*h + 83. List the prime factors of j.
3
Let f(n) = -n**2 + 15*n + 58. What are the prime factors of f(16)?
2, 3, 7
Let i(s) be the second derivative of -5/12*s**4 + 2*s + 1/20*s**5 + 0*s**2 - 2/3*s**3 + 0. List the prime factors of i(6).
2, 3
Let z be 6*(5/2 - 1). Let x = z - -12. List the prime factors of x.
3, 7
What are the prime factors of 379/2 + (-12)/(-8)?
191
Suppose 87 + 75 = 3*v. Suppose 0 = q + 13 - v. List the prime factors of q.
41
Let v(q) = -3*q + 2*q - 3*q. Let t = -9 + 6. List the prime factors of v(t).
2, 3
Suppose -2*c + 6 = c. Suppose -2*y + 8 = -c. List the prime factors of y.
5
Let l = -11 - -20. Suppose -4*f + 11 = -l. What are the prime factors of f?
5
Suppose 2*f + 3*y = 9, -3*f + 8*f + 5*y - 25 = 0. What are the prime factors of ((-38)/1)/(f/(-3))?
19
Let t(m) = -m + 3. List the prime factors of t(1).
2
Let v(k) be the third derivative of -2*k**2 - 1/3*k**3 + 0 + 1/8*k**4 + 0*k. List the prime factors of v(4).
2, 5
Suppose 0 = -3*m + 3*y - 39, 3*y + 1 = 4*m - 5*m. List the prime factors of (4 - 59)*4/m.
2, 11
Suppose 2*d - d + 2 = 0. Let c be 28/6 + d/(-6). Let q = -2 + c. List the prime factors of q.
3
Let p(f) = f**3 - 7*f**2 + 7*f + 6. Let a be p(6). Suppose -3*s - a = -6*s. What are the prime factors of s?
2
Suppose 3*i = 6*i. Suppose -2*u + 44 - 2 = i. What are the prime factors of u?
3, 7
Let r be (-426)/21 - 4/(-14). Let o be (-44)/(-10) - (-8)/r. Suppose -4*x + 28 = 3*s, x + o = -3*s + 5*x. List the prime factors of s.
2
Let o = 73 - 37. Suppose o = 8*q - 5*q. List the prime factors of q.
2, 3
Let t be (16/(-10))/((-1)/10). Suppose 5*c = 4*c + t. List the prime factors of c.
2
What are the prime factors of ((-6)/4)/((-3)/80)?
2, 5
Let z(f) = -f**3 - 9*f**2 - 11*f + 3. What are the prime factors of z(-9)?
2, 3, 17
Suppose -3*t + 0*t - 4*u = 14, 3*u + 25 = 5*t. What are the prime factors of (774/(-9))/(t*-1)?
43
Let c be (8/3)/((-34)/(-51)). Suppose 0 = c*q - 195 + 55. List the prime factors of q.
5, 7
Let u(i) = i**2 - 4*i. Let l be u(6). Let c(a) = a - 9. Let x be c(6). Let o = l + x. List the prime factors of o.
3
Let z(m) = -m**2 - 9*m + 5. What are the prime factors of z(-5)?
5
Let b(g) = -g**2 + 13*g + 19. List the prime factors of b(9).
5, 11
Suppose -54 = 6*g - 9*g. What are the prime factors of g?
2, 3
Let l(d) = -2*d**3 - 2*d**2 + d - 1. Let a be l(-2). Let n(t) = -5*t - 3. Let j(y) = 21*y + 11. Let k(m) = -2*j(m) - 9*n(m). List the prime factors of k(a).
2, 5
Let b(j) = -j**3 + 2*j**2 + 9*j + 4. What are the prime factors of b(-3)?
2, 11
Suppose 17*x - 334 = 15*x. List the prime factors of x.
167
Let q(c) = -c**2 + 8*c + 8. What are the prime factors of q(7)?
3, 5
Suppose 6*l = 18*l - 792. List the prime factors of l.
2, 3, 11
Let n(p) = 28*p + 23. What are the prime factors of n(10)?
3, 101
Suppose -4*x + g + 759 = -2*g, -4*g + 972 = 5*x. List the prime factors of x.
2, 3
Suppose -63 = d - 4*d. Let s = -8 + d. What are the prime factors of s?
13
Let k = -65 + 103. What are the prime factors of (-2 - -1)/((-2)/k)?
19
Let y(s) = 4*s - 6. Let w be y(6). Let d = 80 - 50. Let g = d - w. What are the prime factors of g?
2, 3
Let u be 8*1*2/4. Suppose -4*y + 19 = h + 6, -22 = -u*h - y. Suppose 4*t + x - 44 = -0*x, t + h*x + 8 = 0. List the prime factors of t.
2, 3
Suppose h = -h - 2. Let q(b) = 2*b + 0*b - 1 - 13*b. List the prime factors of q(h).
2, 5
Suppose 161 = 5*r - 584. Suppose 4*v = 2*p - 52, -4*p + 0*v + r = v. Suppose -i + 2 = -m, p = 3*i + 5*m - 2*m. What are the prime factors of i?
7
Let d = 0 - 0. Let t be 0/(-2) - (-4 + d). Let w = 10 - t. What are the prime factors of w?
2, 3
List the prime factors of -8 + 12 + 20*1.
2, 3
Suppose 0 = -8*o + 258 + 78. What are the prime factors of o?
2, 3, 7
Let b(m) = -m**2 + 5*m - 3. Let r be b(2). Suppose -r*o - 13 = 5*p - 35, -2*o - 7 = -p. What are the prime factors of 22/10 + (-1)/p?
2
Let i(a) = -a**3 - a**2 - 6*a - 6. Let t be i(-4). List the prime factors of t/9 + (-1)/3.
7
Let v(z) = -15*z + 1. Let w be 15*(-1)/(10/(-4)). Suppose -3*q = w, 2*q = 3*c + 2*c + 1. What are the prime factors of v(c)?
2
Suppose 6*a + 1269 = 15*a. What are the prime factors of a?
3, 47
Let x = 520 + -159. What are the prime factors of x?
19
Suppose 0 = 6*j - j - 85. Suppose 0 = -2*n + 3*q + j, -3*n + q + 33 = 4*q. List the prime factors of n.
2, 5
Let h = -13 - -26. Suppose -3*m = -4*m + h. List the prime factors of m.
13
Let y(d) = -4*d**3 - 8*d**2 + 5*d - 1. Let t(m) = 11*m**3 + 23*m**2 - 14*m + 3. Let z(q) = 3*t(q) + 8*y(q). List the prime factors of z(-5).
11
Suppose s - 147 = -0*s - 5*k, 5*k = -25. List the prime factors of s.
2, 43
Let t = -33 + 51. Suppose -3*y = -3*g + 12, 3*y - t = -2*g - g. Suppose s - 2 = y. What are the prime factors of s?
3
Let y(g) = -g + 8. Let v(q) = 2*q - 17. Let k(o) = 6*v(o) + 14*y(o). List the prime factors of k(-9).
2, 7
What are the prime factors of (-2 + -3)/(3/(-21))?
5, 7
List the prime factors of (4/10 - 6204/60)/(-1).
103
Let o(a) be the first derivative of a**2 + a - 14. Let j(n) = 2*n - 1. Let c be j(3). What are the prime factors of o(c)?
11
Suppose -107 = -3*d + 19. List the prime factors of d.
2, 3, 7
Let g(w) = 4*w**2 - 3*w + 1. Suppose b = 4*q - 10, 0 = -3*b - 8 + 2. Suppose -4*v - 2 + 4 = n, -q*v - 4 = -2*n. List the prime factors of g(n).
11
Let d = 1003 + -597. List the prime factors of d.
2, 7, 29
Let y(q) = 6*q - 11*q + 23*q. Suppose s + 1 + 5 = 4*n, 2 = -4*n - 3*s. List the prime factors of y(n).
2, 3
Let w = 174 + -122. List the prime factors of w.
2, 13
Suppose 8*x = 415 + 41. What are the prime factors of x?
3, 19
Let v = 5 - -1. List the prime factors of v.
2, 3
Let d(i) = i**2 - i - 16. What are the prime factors of d(-10)?
2, 47
What are the prime factors of (-309)/(-5) + (-17)/(-85)?
2, 31
Let u(r) = r**2 + 8*r + 8. Let f be u(-6). Let m = f + 7. List the prime factors of m*(-7)/(-1)*1.
3, 7
Let u(p) = -p**2 + 5*p + 2. Let b be u(5). What are the prime factors of b/(-2) - (-8 + -10)?
17
Let l = -85 - -48. Let s = -5 - l. List the prime factors of s.
2
Let c = -69 - -97. Let w = c - 13. What are the prime factors of w?
3, 5
Let c = 16 - 37. Let s(u) = 37*u**3 + 2*u**2 - 1. Let p be s(-1). What are the prime factors of (p/c)/(2/14)?
2, 3
Suppose -6 - 2 = -2*a, 4*a + 360 = 2*g. List the prime factors of g.
2, 47
Let q(c) = 4*c - 1. Let v(h) = -h**2 + 4*h + 4. Let j be v(5). Let u be q(j). Let z = 9 + u. List the prime factors of z.
2
List the prime factors of 73 + 3/3 + 2.
2, 19
Suppose -39*p + 43*p = 520. What are the prime factors of p?
2, 5, 13
Let m(h) = h**3 + 2*h**2 - 4*h - 1. Let o be m(-3). Suppose -2*i + 22 = -i. Suppose -x + 47 = 5*s + 2*x, o*x + i = 2*s. List the prime factors of s.
2, 5
Let o be (27/(-6))/3*-8. Suppose 2*d + o = 4*d. Let f(i) = -i**3 + 6*i**2 + 2*i - 9. List the prime factors of f(d).
3
Suppose 5*p = z - 35, z + 3*p = -0*z - 5. List the prime factors of (-28)/(-6)*15/z.
7
Let t(p) = -p**2 - 6*p - 4. Let q be t(-3). Suppose -70 = -5*f + h, 5*h + 43 = f + q. What are the prime factors of f?
13
Suppose -647 = 5*l - 1782. What are the prime factors of l?
227
Let a = 39 - 19. What are the prime factors of a?
2, 5
Suppose -4*h + 2*h = 0. Suppose -5*o = -4*q + 92, -4*q + 0*o = 3*o - 60. List the prime factors of q - 3 - (h - -2).
13
Let s = 22 + -13. List the prime factors of s/6*602/21.
43
Suppose 4*n - 16 = -2*f, -5*f = 4*n - 0*f - 16. Let p = n - 0. List the prime factors of p.
2
Suppose -2 = k - 1. Let s be (0 - 2)/k + -1. Let w = 1 + s. What are the prime factors of w?
2
Suppose -3*x - 2*s = -32, 5*x + 6*s - 3*s = 54. Let a be (4/4)/((-2)/x